Calculate the highest common factor of 23 and 989.
23
Calculate the highest common factor of 311 and 5.
1
Calculate the highest common factor of 663 and 102.
51
Calculate the highest common divisor of 330 and 198.
66
Calculate the highest common divisor of 1404 and 72.
36
What is the highest common divisor of 20 and 620?
20
What is the greatest common factor of 195 and 17680?
65
Calculate the highest common divisor of 407 and 22.
11
What is the highest common factor of 5 and 40?
5
What is the greatest common divisor of 30243 and 51?
51
Calculate the greatest common factor of 20 and 130.
10
Calculate the greatest common divisor of 21 and 147.
21
What is the greatest common divisor of 185 and 37?
37
What is the highest common factor of 104 and 78?
26
Calculate the highest common factor of 36 and 1116.
36
What is the highest common factor of 34 and 1462?
34
Calculate the highest common factor of 768 and 12.
12
Calculate the greatest common divisor of 235 and 3337.
47
What is the greatest common divisor of 44 and 143?
11
What is the highest common divisor of 105 and 63?
21
What is the greatest common divisor of 2842 and 196?
98
What is the highest common divisor of 420 and 560?
140
What is the greatest common factor of 16717 and 219?
73
What is the greatest common divisor of 144 and 16?
16
Calculate the highest common factor of 50 and 22.
2
Calculate the highest common divisor of 1064 and 77.
7
Calculate the highest common factor of 18 and 1872.
18
Calculate the greatest common factor of 17 and 170.
17
What is the highest common divisor of 20 and 2180?
20
What is the greatest common divisor of 91 and 56?
7
Calculate the highest common factor of 9 and 1062.
9
Calculate the greatest common factor of 160 and 1312.
32
Calculate the highest common divisor of 4292 and 296.
148
Calculate the greatest common factor of 2208 and 1311.
69
Calculate the highest common divisor of 18 and 897.
3
What is the greatest common divisor of 63 and 672?
21
Calculate the highest common divisor of 15 and 745.
5
Calculate the greatest common divisor of 60606 and 259.
259
Calculate the highest common divisor of 320 and 680.
40
What is the greatest common divisor of 7 and 413?
7
What is the highest common divisor of 609 and 1914?
87
Calculate the highest common factor of 1616 and 128.
16
Calculate the highest common factor of 288 and 344.
8
What is the highest common factor of 33 and 381?
3
What is the greatest common divisor of 8055 and 18?
9
Calculate the greatest common factor of 1785 and 77.
7
Calculate the greatest common divisor of 568 and 32.
8
What is the highest common factor of 35 and 105?
35
Calculate the highest common divisor of 45 and 690.
15
What is the greatest common divisor of 25 and 1045?
5
Calculate the highest common factor of 2173 and 205.
41
Calculate the highest common factor of 1927 and 82.
41
What is the greatest common divisor of 57 and 475?
19
What is the greatest common divisor of 52 and 5837?
13
Calculate the greatest common divisor of 198 and 528.
66
Calculate the highest common factor of 10 and 130.
10
What is the highest common divisor of 73 and 3577?
73
Calculate the greatest common factor of 43 and 387.
43
Calculate the highest common divisor of 550 and 150.
50
Calculate the highest common divisor of 1682 and 754.
58
Calculate the highest common divisor of 25 and 1150.
25
Calculate the greatest common factor of 1140 and 36.
12
Calculate the highest common factor of 152 and 95.
19
What is the highest common factor of 528 and 858?
66
What is the highest common divisor of 438 and 24?
6
What is the highest common factor of 8 and 1112?
8
What is the highest common factor of 1428 and 1547?
119
What is the greatest common factor of 165 and 440?
55
Calculate the highest common divisor of 588 and 636.
12
Calculate the greatest common factor of 27 and 225.
9
What is the greatest common divisor of 57 and 27?
3
Calculate the greatest common factor of 103 and 2369.
103
Calculate the highest common divisor of 160 and 48.
16
Calculate the greatest common factor of 20 and 4.
4
What is the highest common divisor of 126 and 623?
7
What is the highest common factor of 543 and 21?
3
Calculate the greatest common divisor of 3 and 69.
3
Calculate the highest common factor of 441 and 9.
9
What is the highest common factor of 18 and 144?
18
What is the highest common factor of 51 and 2601?
51
What is the greatest common divisor of 400 and 190?
10
Calculate the greatest common factor of 544 and 432.
16
Calculate the greatest common divisor of 57 and 285.
57
Calculate the highest common factor of 1955 and 255.
85
What is the greatest common factor of 1116 and 930?
186
Calculate the greatest common factor of 404 and 303.
101
Calculate the greatest common factor of 81 and 12231.
81
Calculate the greatest common factor of 5886 and 1744.
218
What is the greatest common factor of 846 and 1296?
18
Calculate the highest common divisor of 10 and 3.
1
Calculate the highest common factor of 77 and 3564.
11
What is the highest common divisor of 1176 and 686?
98
Calculate the highest common factor of 340 and 160.
20
Calculate the greatest common factor of 198 and 450.
18
Calculate the highest common factor of 168 and 560.
56
What is the greatest common divisor of 184 and 598?
46
Calculate the greatest common divisor of 1052 and 2367.
263
Calculate the highest common divisor of 90 and 90.
90
What is the highest common divisor of 168 and 728?
56
Calculate the greatest common factor of 4879 and 1148.
287
Calculate the greatest common factor of 297 and 660.
33
What is the greatest common factor of 264 and 1164?
12
What is the highest common factor of 48 and 1896?
24
What is the highest common factor of 528 and 144?
48
What is the greatest common divisor of 5280 and 40?
40
What is the greatest common factor of 60 and 24?
12
What is the highest common divisor of 230 and 50?
10
Calculate the highest common factor of 35 and 91.
7
Calculate the highest common divisor of 120 and 1302.
6
Calculate the greatest common factor of 17 and 24191.
17
Calculate the greatest common factor of 26 and 5473.
13
What is the highest common divisor of 234 and 18?
18
What is the greatest common divisor of 13 and 143?
13
What is the greatest common divisor of 117 and 299?
13
Calculate the highest common divisor of 120 and 285.
15
Calculate the greatest common factor of 760 and 8056.
152
What is the greatest common factor of 890 and 20?
10
Calculate the greatest common divisor of 81 and 72.
9
Calculate the greatest common factor of 71 and 2272.
71
Calculate the highest common divisor of 148 and 8.
4
What is the greatest common divisor of 1020 and 330?
30
What is the greatest common factor of 33 and 121?
11
Calculate the greatest common factor of 380 and 3705.
95
What is the highest common divisor of 224 and 7?
7
Calculate the highest common divisor of 56 and 21.
7
What is the greatest common factor of 1232 and 7238?
154
Calculate the greatest common divisor of 5 and 1200.
5
What is the highest common factor of 9724 and 39?
13
What is the greatest common divisor of 253 and 22?
11
What is the highest common divisor of 159 and 159?
159
Calculate the greatest common divisor of 297 and 77.
11
What is the highest common factor of 80 and 50?
10
Calculate the greatest common divisor of 68 and 119.
17
What is the greatest common divisor of 252 and 54?
18
What is the greatest common divisor of 2675 and 25?
25
Calculate the highest common factor of 8626 and 190.
38
Calculate the greatest common divisor of 176 and 561.
11
What is the greatest common divisor of 6 and 591?
3
Calculate the highest common divisor of 14 and 259.
7
Calculate the greatest common divisor of 220 and 495.
55
Calculate the greatest common divisor of 25 and 5.
5
Calculate the greatest common divisor of 280 and 24570.
70
Calculate the greatest common divisor of 14101 and 177.
59
Calculate the highest common factor of 434 and 14.
14
Calculate the greatest common divisor of 104 and 2327.
13
What is the greatest common divisor of 30 and 840?
30
Calculate the highest common divisor of 44 and 24123.
11
Calculate the highest common divisor of 551 and 261.
29
Calculate the highest common factor of 4 and 4.
4
What is the highest common divisor of 80 a